and u.
1
Let b(p) = -p + 3. Let h be b(6). Let a(c) = 2*c**2 + 6*c - 3*c + 3 - 5. Let t be a(h). What is the greatest common divisor of 7 and t?
7
Let z(q) = -68*q**3. Let i be z(-1). Let m = i - 43. Suppose 3*k = 29 + 1. What is the greatest common divisor of m and k?
5
Suppose 6*c - 3*c - 63 = 0. Suppose 0 = -3*y + 20 - 11. What is the greatest common divisor of c and y?
3
Let k(q) be the first derivative of -1 + q**3 - 3/2*q**2 - 3*q. Let u be k(-2). Calculate the highest common factor of u and 15.
15
Let s be (-61)/(-4) - (-10)/(-40). Calculate the greatest common factor of s and 3.
3
Let o = -43 - -69. Let r(k) = 11*k + 6. Let j(m) = -m**3 - 8*m**2 - m - 5. Let v be j(-8). Let y be r(v). Calculate the greatest common divisor of y and o.
13
Let p = 43 + -15. What is the highest common divisor of p and 70?
14
Let s be (0 - 9/(-3)) + -35. Let k = -23 - s. Let z be (-454)/(-10) + (-2)/5. What is the highest common factor of z and k?
9
Suppose 3 = -q - 2, 0 = -2*b + q + 113. Calculate the greatest common factor of 27 and b.
27
Let b = 47 - -7. Let g = 30 + 6. What is the greatest common divisor of b and g?
18
Let k(b) = -b**2 + 4*b**2 - 5*b + 2*b**2 + 0*b**2. Let w be k(4). Calculate the greatest common factor of 150 and w.
30
Suppose 0 = 2*l + 2, 6*l = -5*z + 2*l + 166. Let f = 51 - z. What is the greatest common divisor of 85 and f?
17
Let g be (1*8)/(1 + 0). Calculate the highest common factor of g and 4.
4
Suppose c + 8 = 3*g - 0, 0 = 3*g - 4*c - 5. What is the highest common factor of 3 and g?
3
Let u = 39 + 169. Calculate the greatest common factor of u and 26.
26
Let i = 5 + -3. Let r(m) = -m**2 - m**i + 3*m**2 + 5 - 6*m. Let f be r(7). Calculate the greatest common divisor of 12 and f.
12
Let t be (-8)/4*-5*1. Calculate the greatest common divisor of t and 20.
10
Let i be (37/(-2))/((-1)/2). Let c = i - 15. What is the greatest common factor of 11 and c?
11
Let g(z) = z**2 + 11*z + 1. Let q be 1/(-1) - (-18)/(-3). Let v be g(q). Let h = v + 40. What is the highest common divisor of h and 52?
13
Let l = -50 - -223. Suppose -4*a + 3*x + 555 = 0, -2*a + 4*x + 117 + l = 0. Calculate the greatest common factor of 27 and a.
27
Let r be 69 - (1 - 4)/3. Let f(y) be the second derivative of y**5/5 - y**3/6 - y**2 + 3*y. Let k be f(2). Calculate the highest common factor of k and r.
14
Let g be 1/((-105)/(-25) - 4). Calculate the highest common factor of g and 5.
5
Suppose -27 = -4*m + 1. What is the highest common factor of 28 and m?
7
Let t(z) = 2*z**2 + 120. Let u be t(0). Calculate the greatest common factor of u and 30.
30
Let j(a) = 3*a - 3 + a**2 + 4*a**3 + 1 - 5*a**3. Let o be j(-3). Let q = -20 + 30. Calculate the highest common divisor of q and o.
5
Let y(l) = l**2 + 4. Let w be y(0). Suppose 2*t = 12 - w. Suppose -t*g - 21 = -5*g. What is the highest common factor of 7 and g?
7
Let o = -138 + 142. Calculate the highest common divisor of 16 and o.
4
Suppose -5*a + 2*t = t - 1220, 0 = -4*t. Let z = 376 - a. Suppose -3*y + 198 = 4*h, h - z = -2*y - 0*h. Calculate the greatest common factor of 6 and y.
6
Let j(o) = -2 + 0*o - 5*o - o**2 + 5. Let s be j(-5). Suppose 12 = q + s*q. Calculate the greatest common factor of q and 24.
3
Let k(x) = x**2 + x. Let s be k(-2). Calculate the greatest common factor of 2 and s.
2
Let n be 7/((-28)/(-94)) + (-2)/(-4). Calculate the greatest common divisor of n and 48.
24
Let v = 2 + -1. Let z be 17 + 0 - 1/v. Suppose 0 = -10*o + 258 + 142. What is the highest common factor of z and o?
8
Let v be (4/3)/((-1)/((-9)/2)). What is the highest common factor of v and 18?
6
Let i(s) = 10*s. Let n(v) = -v. Let h(r) = -i(r) - 5*n(r). Let t be h(-3). Let c be ((-6075)/10)/(-9)*2. Calculate the greatest common factor of t and c.
15
Suppose -3*j + 2*m = -17, 3*j - 4*m = -2*j + 31. Suppose 18*r = 5*r + 39. Calculate the greatest common divisor of r and j.
3
Let a = 187 + -123. Calculate the highest common factor of a and 48.
16
Suppose -4*n + 18 = -2*n. What is the greatest common divisor of n and 72?
9
Suppose -3*u = -4 - 2. Suppose -k = u*k - 252. Calculate the highest common factor of 12 and k.
12
Suppose -3 = -2*n - r, -5*n = -3*r + 4 - 17. Let t be 7/14 + 31/n. What is the greatest common divisor of t and 16?
16
Let r(w) = -w**3 - 7*w**2 - 6*w + 2. Let f be (1 + 6)*6/(-7). Let s be r(f). Let x be 14 - (4 - (2 + 8)). Calculate the highest common divisor of x and s.
2
Let k(m) = 15*m**3 - 2*m**2 + 2*m + 3. Let c be k(-2). Suppose o = -99 + 10. Let h = o - c. What is the highest common divisor of h and 10?
10
Let w = -338 + 428. Let b(i) = -i**3 - 7*i**2 - 9*i - 8. Let j be b(-6). What is the highest common factor of w and j?
10
Let m be (6 - 34)*(-36)/21. What is the highest common factor of m and 16?
16
Let v(q) = 18*q**2 + 5. Let m be v(-2). What is the highest common divisor of m and 11?
11
Let t = -56 + 89. What is the greatest common factor of 11 and t?
11
Let v(f) = -f**3 + 1. Suppose -2*t - 19 = 3*d, -4 = 2*t + d + 5. Let r = -3 - t. Let u be v(r). Calculate the greatest common divisor of 2 and u.
2
Suppose 2*m + 3 = 3*m. Suppose -m*h = -2*h - 18. What is the greatest common factor of h and 90?
18
Suppose -o + 45 = 2*o. Calculate the highest common divisor of o and 135.
15
Let y be 12/(33/10 - 3). Let f = y - 2. Let o be (2 + 7)*19/3. Calculate the highest common factor of o and f.
19
Let p be ((-32)/20)/((-4)/50). Let f = p + -11. Calculate the highest common factor of 18 and f.
9
Suppose 7 = o + 5*n, -o + 3 = -4*n + 5. Suppose -4*s - 134 = 3*f, -23 = 3*s + o*f + 78. Let m = s + 53. What is the highest common divisor of 6 and m?
6
Suppose -5*i = -2*h - 50, 0 = -5*i - 0*h - 2*h + 50. Calculate the greatest common divisor of 5 and i.
5
Let m be (-7508)/12 + (-2)/6. Let o be 12/54 - m/18. Let r be 675/o + 2/(-7). Calculate the greatest common factor of r and 76.
19
Let a(d) = -d - 4. Let c be a(-2). Let h be (c/5)/((-2)/50). Calculate the greatest common divisor of h and 80.
10
Let p(w) = -58*w + 9. Let j(l) = -87*l + 14. Let x(q) = 5*j(q) - 8*p(q). Let u be x(1). Calculate the highest common factor of 18 and u.
9
Let x(t) = 2*t**2 + 4*t - 1. Suppose 2*j - 8 = 2*p, 3*p = -0*p - 5*j - 12. Let k be x(p). Calculate the greatest common divisor of 3 and k.
3
Let i = 129 + -69. Let g(x) = -25*x**3 - x**2 + x + 1. Let y be g(-1). Calculate the highest common factor of i and y.
12
Let j(t) = 21*t + 3. Let p(m) = m. Let g(i) = j(i) - 2*p(i). Let d be g(3). Suppose -4*q = q - d. What is the highest common factor of 84 and q?
12
Suppose -3*m - 2*b - 54 = 2*m, m - b + 8 = 0. Let g = m - -23. What is the highest common factor of 13 and g?
13
Let x(n) = n**2 + 12*n - 19. Let p be x(-15). Calculate the highest common divisor of p and 13.
13
Let c be (((-20)/1)/(-2))/2. Let p be (-14 - -12) + 2/1. Suppose p = 6*q - q - 175. Calculate the highest common factor of q and c.
5
Let k = 57 + -45. Calculate the highest common factor of 12 and k.
12
Let z(o) = -68*o**3 - o**2 + o + 1. Let y be z(-1). Suppose 5*d - 4*l - 53 = y, -l = -d + 25. What is the greatest common divisor of d and 10?
10
Suppose -5*c + 5 = -20. Calculate the highest common divisor of 1 and c.
1
Suppose 0*c = -c - 2, -4*i = -4*c + 184. Let n be (5 - 2 - i) + 3. What is the greatest common divisor of n and 9?
9
Suppose -4*n + 1 = -7, -217 = -3*m + 4*n. Let q = -20 + 50. Calculate the greatest common factor of q and m.
15
Let k(q) = 6*q - 22. Let l be k(6). Calculate the greatest common factor of l and 126.
14
Let n be 11*1*-8*-1. What is the highest common divisor of n and 11?
11
Let f(o) = -o**3 - o**2 - o + 9. Let x be f(0). What is the greatest common divisor of 18 and x?
9
Let p be 18 + -3 - (-1 + 2). What is the greatest common divisor of 35 and p?
7
Let a(b) = -b**2 + b + 15. Let l be a(0). Let h(r) = -5*r**2 - 6*r + 4. Let y be h(6). Let i = y - -377. Calculate the greatest common factor of l and i.
15
Let r = 38 + -6. Let k = 103 - 99. What is the greatest common divisor of k and r?
4
Suppose -5*p = -d - 4, -2*d = 3*p - 2*p - 25. Let u = 88 - 57. Let x = 108 - u. Calculate the highest common divisor of x and d.
11
Let r(m) = m**2 - 1. Let o be r(2). Suppose -4*d = -o - 9. What is the highest common divisor of d and 3?
3
Let b be (1/(-3))/((-4)/24). S